1273, 49223
What are the prime factors of 20244925?
5, 809797
List the prime factors of 2882765428.
2, 15031, 47947
List the prime factors of 549403487.
19, 28915973
List the prime factors of 17304712.
2, 53, 40813
What are the prime factors of 743960400?
2, 3, 5, 619967
What are the prime factors of 56313295?
5, 41, 53, 71, 73
List the prime factors of 94504626.
2, 3, 43, 122099
What are the prime factors of 192817640?
2, 5, 4820441
What are the prime factors of 995275278?
2, 3, 55293071
List the prime factors of 85347277.
85347277
List the prime factors of 1042008.
2, 3, 11, 3947
What are the prime factors of 1735943952?
2, 3, 23, 31, 50723
List the prime factors of 962300843.
7, 71, 1936219
List the prime factors of 2915972147.
11, 157, 541, 3121
What are the prime factors of 40380459?
3, 7, 274697
What are the prime factors of 2572004178?
2, 3, 3847, 4127
What are the prime factors of 48573266?
2, 7, 3469519
What are the prime factors of 184410756?
2, 3, 63241
What are the prime factors of 136656319?
17, 2621, 3067
What are the prime factors of 602813957?
487, 491, 2521
List the prime factors of 7173816042.
2, 3, 79, 15134633
List the prime factors of 1506332005.
5, 17, 31, 41, 73, 191
List the prime factors of 38907618.
2, 3, 29, 53, 4219
What are the prime factors of 3439251605?
5, 757, 908653
What are the prime factors of 195581164?
2, 48895291
List the prime factors of 62600299.
29, 2158631
What are the prime factors of 97559063?
7, 13937009
List the prime factors of 108465024.
2, 3, 282461
What are the prime factors of 48253284?
2, 3, 1340369
What are the prime factors of 131928144?
2, 3, 2748503
What are the prime factors of 324690031?
19, 53, 322433
List the prime factors of 23539513.
2693, 8741
List the prime factors of 11606504.
2, 7, 13, 107, 149
What are the prime factors of 142361544?
2, 3, 13, 35099
List the prime factors of 79592027.
79592027
What are the prime factors of 114228954?
2, 3, 7, 33577
What are the prime factors of 15866028?
2, 3, 440723
What are the prime factors of 54714130?
2, 5, 5471413
What are the prime factors of 745777891?
29, 109, 131, 1801
What are the prime factors of 1126576375?
5, 9012611
List the prime factors of 33880023.
3, 3764447
List the prime factors of 835000885.
5, 19, 8789483
List the prime factors of 517567753.
21491, 24083
List the prime factors of 99527740.
2, 5, 13, 313, 1223
List the prime factors of 3788436.
2, 3, 315703
What are the prime factors of 615053488?
2, 7, 23, 1483
What are the prime factors of 2852812941?
3, 11, 43, 2010439
What are the prime factors of 1922163712?
2, 7, 229, 1171
What are the prime factors of 49311033?
3, 17, 966883
What are the prime factors of 42619010?
2, 5, 7, 608843
List the prime factors of 1574417265.
3, 5, 43, 307, 7951
What are the prime factors of 688167378?
2, 3, 17, 263, 503
List the prime factors of 325129833.
3, 7, 5160791
What are the prime factors of 250939663?
13, 19303051
List the prime factors of 41124312.
2, 3, 41, 13931
What are the prime factors of 548326208?
2, 107, 80071
List the prime factors of 145147138.
2, 72573569
What are the prime factors of 55984399?
55984399
What are the prime factors of 2006560?
2, 5, 12541
List the prime factors of 6841121539.
7, 977303077
List the prime factors of 2959371896.
2, 13, 3023, 9413
List the prime factors of 469952814.
2, 3, 2767, 28307
What are the prime factors of 833100901?
833100901
List the prime factors of 3859830245.
5, 2083, 370603
What are the prime factors of 3285517325?
5, 17, 89, 86861
List the prime factors of 5564263259.
19, 14591, 20071
What are the prime factors of 2013587178?
2, 3, 73, 4597231
What are the prime factors of 134976348?
2, 3, 13, 96137
What are the prime factors of 407697570?
2, 3, 5, 7, 17, 12689
List the prime factors of 60358756.
2, 43, 8161
List the prime factors of 1204323464.
2, 31, 4856143
List the prime factors of 4127155296.
2, 3, 11, 3908291
What are the prime factors of 1788102423?
3, 5737, 34631
List the prime factors of 8656863.
3, 41, 70381
List the prime factors of 1381918879.
11, 125628989
List the prime factors of 3828216011.
659, 5809129
What are the prime factors of 59592813?
3, 7, 103, 27551
List the prime factors of 107196612.
2, 3, 947, 9433
List the prime factors of 298282464.
2, 3, 277, 3739
What are the prime factors of 54109463?
41, 1319743
List the prime factors of 341838509.
341838509
List the prime factors of 1625237717.
5861, 277297
List the prime factors of 166972345.
5, 83, 402343
What are the prime factors of 3159213?
3, 1053071
What are the prime factors of 4058503431?
3, 1352834477
What are the prime factors of 2136979356?
2, 3, 17, 89, 117701
What are the prime factors of 990130242?
2, 3, 19, 251, 34603
List the prime factors of 117482702.
2, 857, 68543
List the prime factors of 242850973.
242850973
List the prime factors of 38668442.
2, 19334221
What are the prime factors of 1907406026?
2, 953703013
What are the prime factors of 2278886716?
2, 71, 8024249
List the prime factors of 1837828040.
2, 5, 1321, 34781
What are the prime factors of 3491802159?
3, 17, 19, 29, 137, 907
List the prime factors of 140480092.
2, 89, 101, 3907
What are the prime factors of 839288?
2, 104911
List the prime factors of 215248816.
2, 683, 19697
List the prime factors of 1933459931.
13, 19, 7827773
What are the prime factors of 48038207?
7, 6862601
List the prime factors of 3398584245.
3, 5, 7, 19, 647, 2633
List the prime factors of 4203408101.
71, 271, 218461
List the prime factors of 366109617.
3, 61, 151, 13249
List the prime factors of 1934973138.
2, 3, 7, 46070789
What are the prime factors of 1743642372?
2, 3, 145303531
What are the prime factors of 4930150454?
2, 223, 307, 36007
List the prime factors of 332992754.
2, 166496377
List the prime factors of 49170021.
3, 23, 30983
What are the prime factors of 3109782382?
2, 7, 222127313
What are the prime factors of 1881467959?
7, 257, 1045841
List the prime factors of 296754612.
2, 3, 7, 11, 321163
What are the prime factors of 175214825?
5, 47, 149119
What are the prime factors of 3228058236?
2, 3, 13, 20692681
List the prime factors of 35958185.
5, 331, 21727
List the prime factors of 689960793.
3, 17, 37, 365639
What are the prime factors of 80063763?
3, 13, 2052917
What are the prime factors of 7809738462?
2, 3, 433874359
What are the prime factors of 360114038?
2, 6779, 26561
List the prime factors of 68814369.
3, 13, 227, 2591
What are the prime factors of 57499121?
2371, 24251
What are the prime factors of 25132526?
2, 593, 21191
What are the prime factors of 58402139?
101, 223, 2593
What are the prime factors of 309689266?
2, 154844633
List the prime factors of 402466665.
3, 5, 26831111
List the prime factors of 89082337.
421, 211597
List the prime factors of 6187479866.
2, 1327, 2331379
What are the prime factors of 57444184?
2, 7, 1025789
List the prime factors of 866037202.
2, 433018601
What are the prime factors of 1674126201?
3, 11, 31, 97, 16871
List the prime factors of 12273998.
2, 11, 67, 757
List the prime factors of 120269739.
3, 31, 83, 15581
What are the prime factors of 344779105?
5, 11, 6268711
What are the prime factors of 6943101?
3, 11, 31, 617
List the prime factors of 41407648.
2, 17, 103, 739
List the prime factors of 176718623.
37, 139, 34361
What are the prime factors of 124876592?
2, 7804787
List the prime factors of 2266895939.
7, 11, 23, 283, 4523
List the prime factors of 110222505.
3, 5, 167, 4889
What are the prime factors of 408644898?
2, 3, 97, 702139
List the prime factors of 1305714686.
2, 79, 127, 65071
List the prime factors of 1276105420.
2, 5, 157, 406403
List the prime factors of 468622842.
2, 3, 439, 177913
What are the prime factors of 102951259?
4621, 22279
What are the prime factors of 129760413?
3, 29, 51431
List the prime factors of 32947157.
32947157
What are the prime factors of 122372760?
2, 3, 5, 53, 71, 271
List the prime factors of 508686329.
631, 806159
What are the prime factors of 23591646?
2, 3, 13, 41, 2459
List the prime factors of 128412659.
19, 71, 95191
What are the prime factors of 152644646?
2, 7, 11, 251, 359
What are the prime factors of 28233915?
3, 5, 89, 21149
What are the prime factors of 12682103?
7, 113, 16033
L